-45)). Let j = g - -8. What is the remainder when 26 is divided by d(j)?
12
Let k be 10/(-6)*(-4 - 5). Let f be k/4 + 9/36. Suppose 5*t - 135 = -f*y, -2*y + t - 6*t = -75. What is the remainder when y is divided by 16?
14
Let j = -268 + 335. Calculate the remainder when j is divided by 10.
7
Suppose 2*w - 64 = 2*t, 2*w + 0*w - 4*t - 68 = 0. Calculate the remainder when w is divided by 28.
2
Suppose -c - 77 = -2*u + 105, -8 = 2*c. Suppose f - 5*w - 16 = 0, 2*w = 4*f - 0*w - 28. Calculate the remainder when u is divided by (-763)/(-42) - 1/f.
17
Suppose 4 + 144 = 4*w. Let z(c) = -c**3 + 10*c**2 + c. Let u be z(10). What is the remainder when w is divided by u/(0 + (-2)/(-4))?
17
Let z(g) = g**2 + 7*g + 31. Suppose -o = -5*t + 18, 3*o - 12 = -t - 50. What is the remainder when z(o) is divided by 28?
25
Suppose -b = d - 5, -2*d - 3*b = -11 + 1. Let q(m) = -m**3 + 6*m**2 + 9*m - 5. Let l be q(6). Let u = l + -41. Calculate the remainder when u is divided by d.
3
Suppose 3*a - t - 63 = -4*t, -2*a - 3*t + 44 = 0. Suppose 24*r = a*r + 515. Calculate the remainder when r is divided by 35.
33
Suppose -5*g + 31 + 19 = 0. Suppose 92*k = 100*k - 136. Calculate the remainder when k is divided by g.
7
Suppose -4*x - 12 = -3*a, -5*x - 23 = 3*a - 8. Suppose m - 2*d - 2 = a, -39 = -3*m - 3*d - 2*d. Calculate the remainder when 13 is divided by m.
5
Let z(f) = 30*f - 56. Calculate the remainder when 33 is divided by z(2).
1
Suppose 4*z - 6*z - 522 = -4*w, w - 132 = -z. Suppose -3*n - 5*t = -w, -6*n + t = -n - 181. What is the remainder when n is divided by 19?
18
What is the remainder when 118 is divided by 5*-1*(165/15 + -20)?
28
Let w(q) = q**2 - 22*q + 134. Calculate the remainder when 168 is divided by w(15).
23
Let t = -4 - -8. Suppose q = 1, 4*m + 393 - 1129 = t*q. Suppose -5*k + m = 5*y, -5*k - 7 = -4*y + 150. What is the remainder when y is divided by 13?
12
Let s be 6/18 + 14/3. Suppose -5*v - 3*k + 101 = 0, s*k + 7 + 8 = 0. Let n = v - -1. Calculate the remainder when 44 is divided by n.
21
Let f(g) = -429*g - 118. Calculate the remainder when f(-4) is divided by 16.
14
Let b = 34 - 34. Suppose -l = 2*k - 1, -2*l - 3*l - 5*k + 15 = b. Let y(v) = -v**3 + 5*v**2 + 8*v - 9. Calculate the remainder when l is divided by y(6).
2
Let c = 14 + -4. What is the remainder when (-13)/(-65) + 28/c is divided by 2?
1
Let g(c) = 2*c - 4 - 4 + c. Let n be g(4). Suppose n*o - o = 9. What is the remainder when 6 is divided by o?
0
Let s(j) = j**2 - 19*j + 19. Calculate the remainder when 168 is divided by s(22).
83
Let t(p) = p**2 - 7*p - 5. Let b be t(8). Suppose -20 + b = -x. Let j = x - -4. What is the remainder when 61 is divided by j?
19
Suppose -4*s = 2*l + 48, -l + 2*l = 4*s + 60. Let d be 8/s + 279/(-63). What is the remainder when 26 is divided by 5/(d/(-11)) - 4?
5
Suppose -16 = 139*f - 141*f. Let k(q) = -q + 4. Calculate the remainder when f is divided by k(-4).
0
Let t(n) = 8*n**2 - 5*n + 18. Calculate the remainder when t(-4) is divided by 12.
10
Suppose -d + 6*d = 115. Suppose 29 = -4*r - d. Let c = 25 + r. What is the remainder when 57 is divided by c?
9
Let p be (8 - 30/6)/1. Suppose 0 = p*v + 4*j - 188, 0*j + j - 229 = -4*v. What is the remainder when v is divided by 29?
27
Let i(y) = y**3 - 5*y**2 - 4*y - 6. Let m be i(6). Suppose -38 = -m*n + 76. What is the remainder when n is divided by 10?
9
Let a = -56 - -81. Let v(y) = -y + 10. Let x be v(10). Suppose x = -d - s + a, 5*s = -d - 19 + 52. Calculate the remainder when d is divided by 8.
7
Let b(x) = x**3 - 1. Let p(a) = -3*a**3 + 3*a**2 - 12*a + 14. Let k(q) = -4*b(q) - p(q). What is the remainder when k(-6) is divided by 17?
9
Let n(q) = -q**3 - 3*q**2 + 14*q. Let w be (-1)/4 + (-30)/8. What is the remainder when n(-6) is divided by (-53)/(-4) + 1/w?
11
Suppose 164*k - 190*k + 52 = 0. Suppose 2*v = -2*v + 12. What is the remainder when k is divided by (-3)/v*1*-1?
0
Calculate the remainder when 6*(227/10 + 112/140) is divided by 16.
13
Calculate the remainder when 186 is divided by 2330/50 + (-6)/(-15).
45
Let y = -54 - -53. What is the remainder when -5 - (y + 4 - 45) is divided by 13?
11
Suppose 36*n = 450 + 90. Suppose 28 = q + 6*x - x, -5*q = 3*x - 206. Calculate the remainder when q is divided by n.
13
Let l = 154 - 92. Let r be (5 - 15/20)/((-3)/12). Let c = l + r. What is the remainder when c is divided by 12?
9
Let r = 160 - 143. Let z(s) = 12*s + 7. What is the remainder when z(5) is divided by r?
16
Let p(a) = a**3 + 2*a**2 + 2*a - 3. Let n(d) = d**2 - 8*d + 9. Let g = 16 + -8. What is the remainder when p(2) is divided by n(g)?
8
Suppose -3*t - 3*o - 6 = 0, 2*o = 2*t - 3*t - 6. Calculate the remainder when 26 is divided by t/(-18)*2 + (-465)/(-27).
9
Suppose 645 = 14*p + p. Calculate the remainder when 82 is divided by p.
39
Let k = -120 + 173. Let w = 161 + -71. Suppose w = 10*l - 5*l. What is the remainder when k is divided by l?
17
Let k = 704 - 674. Calculate the remainder when 88 is divided by k.
28
Let g = 17 + -13. Suppose 5*k - g*r = 31, 4 = -3*k - 4*r - 3. Suppose -5*c - 54 = -k*w + w, 2*w - 22 = -3*c. Calculate the remainder when w is divided by 5.
2
Let v(n) = n**3 + 4*n**2 - 2*n + 92. Calculate the remainder when v(0) is divided by 34.
24
Let x(q) = -q**2 + 7. Let t(n) = -n**3 - 5*n**2 - 7*n. Suppose -5*l = -5*c + 25, -c + 2 = 1. Calculate the remainder when t(l) is divided by x(0).
5
Suppose -w + 8 = 3*w. Let n = w - -1. Suppose 3*m - 90 = -5*o, 0 = -3*o + 4*o + n*m - 30. What is the remainder when 43 is divided by o?
13
What is the remainder when 132 is divided by 1076/16 + -9*3/(-36)?
64
Let j(x) = 4*x - x + 3*x + 1 + 5*x. Calculate the remainder when 34 is divided by j(1).
10
Let l be -2 - -880 - (-5 + 1). Suppose -3*d = -10*d + l. Calculate the remainder when d is divided by 44.
38
Let s(k) = 72*k**2 - 13*k + 9. Let i(l) = -18*l**2 + 3*l - 2. Let r(d) = -9*i(d) - 2*s(d). What is the remainder when r(1) is divided by 9?
8
Suppose p + 12 = 21. Suppose -i = -17 + p. Calculate the remainder when 30 is divided by i.
6
Let z(j) = j**3 - 24*j**2 + 27*j + 199. What is the remainder when z(24) is divided by 16?
15
Let x = -8 + 14. Let c = -83 - -99. What is the remainder when c is divided by x?
4
Let t(n) = 6*n + 57. Let b be t(-9). Suppose 8 = -2*d + b*d. Suppose 2*h - 29 = -s, s - 2*h - 44 = -11. Calculate the remainder when s is divided by d.
7
Suppose 4*m - 39 = -27. Suppose -2*a + 28 = 5*v, 3*a - 2*v - 32 = -a. What is the remainder when 50/m - ((-14)/6 - -3) is divided by a?
7
Calculate the remainder when (-482)/(-6)*(-7 - -10) is divided by 19.
13
Suppose 4*k = 5 + 27. Calculate the remainder when (k + -5)*(27 - 0) is divided by 14.
11
Let f = -1 + 1. Let j(a) = 15*a - 11. Let g be j(1). Suppose -5*d - 4*w + 109 = 33, f = -2*d + 5*w + g. What is the remainder when 23 is divided by d?
11
Let y(h) = -h**3 - 6*h**2 - 6*h - 32. What is the remainder when 14 is divided by y(-6)?
2
Let a be 0*(-2)/(-4) + 3. Let c be (-7)/((-42)/40)*a. Suppose -h + c = -38. Calculate the remainder when h is divided by 20.
18
Suppose s = r - 2*s - 99, -192 = -2*r + 4*s. Calculate the remainder when r is divided by 32 - (1/(-3) + 4/12).
26
Let h be (-14)/(-42) + 2/3. Let l be 1/(h - 24/21). Let v = 32 + l. Calculate the remainder when v is divided by 14.
11
What is the remainder when 2/5*(-21330)/(-108) is divided by 9?
7
Let w = 115 - 15. Let x = w + -53. Suppose 0*y = -2*y + 24. Calculate the remainder when x is divided by y.
11
Let p = 117 - 107. What is the remainder when 32 is divided by p?
2
Let w(s) = 7*s**3 + s**2 + 7*s - 8. Calculate the remainder when 215 is divided by w(1).
5
Suppose 0 = -89*q + 92*q - 18. What is the remainder when 25 is divided by q?
1
Let a(v) = 5*v**3 + 2*v**2 + v + 2. Let j be a(-2). Let q(u) = -7*u + 128. Calculate the remainder when (j/10)/(2/(-10)) is divided by q(17).
7
Let w(o) = -o**2 + 11 + 3*o**2 - 2*o - 5*o. What is the remainder when w(9) is divided by 28?
26
Let j be (0/2 - (-6)/12)*244. Let k = 211 - j. What is the remainder when k is divided by 23?
20
Let g(o) = -o**2 - 5*o + 106. Suppose 4*w - 5*s - 4 = 0, 3*w = -w - 3*s + 4. What is the remainder when g(-13) is divided by w?
0
Suppose 8 = -u - 5*s + s, -5*u + 14 = 2*s. Let v = u + -6. Let f = v +